{"id":94,"date":"2023-04-03T10:52:30","date_gmt":"2023-04-03T09:52:30","guid":{"rendered":"https:\/\/canardab.es\/?page_id=94"},"modified":"2023-10-21T16:16:16","modified_gmt":"2023-10-21T15:16:16","slug":"cuanto-cuesta-dab","status":"publish","type":"page","link":"https:\/\/canardab.es\/index.php\/cuanto-cuesta-dab\/","title":{"rendered":"\u00bfCu\u00e1nto cuesta el DAB?"},"content":{"rendered":"\n<p>La presencia en los MUX CanarDAB est\u00e1 organizada por islas y calidad de sonido.<\/p>\n\n\n\n<p><br>Es posible elegir 3 cortes de bitrate:<\/p>\n\n\n\n<ul class=\"wp-block-list\">\n<li>Una transmisi\u00f3n AAC+ de 64k (para una calidad de m\u00fasica excelente)<\/li>\n\n\n\n<li>Una transmisi\u00f3n AAC+ de 48k (para calidad est\u00e1ndar excelente para m\u00fasica y voz)<\/li>\n\n\n\n<li>Una transmisi\u00f3n AAC+ de 32k (para calidad suficiente para m\u00fasica y voz)<\/li>\n<\/ul>\n\n\n\n<p><\/p>\n\n\n\n<p><br>Cont\u00e1ctenos para una cotizaci\u00f3n sin compromiso.<\/p>\n\n\n\n<p><\/p>\n\n\n\n<p><strong>Para insertar su propia radio en el MUX es necesario proporcionar:<\/strong><\/p>\n\n\n\n<ul class=\"wp-block-list\">\n<li>una emisi\u00f2n en streaming en MP3 de 128k a 320k o en AAC+ de 64k a 96k<\/li>\n\n\n\n<li>el nombre exacto de la emisora.<\/li>\n\n\n\n<li>el logo de la radio (gr\u00e1fico) 320&#215;240 pixel en JPG<\/li>\n\n\n\n<li>El c\u00f3digo PS de RDS en FM (para permitir el cambio autom\u00e1tico entre FM y DAB, si la se\u00f1al de FM est\u00e1 presente en la misma \u00e1rea)<\/li>\n<\/ul>\n","protected":false},"excerpt":{"rendered":"<p>La presencia en los MUX CanarDAB est\u00e1 organizada por islas y calidad de sonido. Es posible elegir 3 cortes de bitrate: Cont\u00e1ctenos para una cotizaci\u00f3n sin compromiso. Para insertar su propia radio en el MUX es necesario proporcionar:<\/p>\n","protected":false},"author":1,"featured_media":0,"parent":0,"menu_order":0,"comment_status":"closed","ping_status":"closed","template":"","meta":{"footnotes":""},"class_list":["post-94","page","type-page","status-publish","hentry"],"_links":{"self":[{"href":"https:\/\/canardab.es\/index.php\/wp-json\/wp\/v2\/pages\/94","targetHints":{"allow":["GET"]}}],"collection":[{"href":"https:\/\/canardab.es\/index.php\/wp-json\/wp\/v2\/pages"}],"about":[{"href":"https:\/\/canardab.es\/index.php\/wp-json\/wp\/v2\/types\/page"}],"author":[{"embeddable":true,"href":"https:\/\/canardab.es\/index.php\/wp-json\/wp\/v2\/users\/1"}],"replies":[{"embeddable":true,"href":"https:\/\/canardab.es\/index.php\/wp-json\/wp\/v2\/comments?post=94"}],"version-history":[{"count":4,"href":"https:\/\/canardab.es\/index.php\/wp-json\/wp\/v2\/pages\/94\/revisions"}],"predecessor-version":[{"id":154,"href":"https:\/\/canardab.es\/index.php\/wp-json\/wp\/v2\/pages\/94\/revisions\/154"}],"wp:attachment":[{"href":"https:\/\/canardab.es\/index.php\/wp-json\/wp\/v2\/media?parent=94"}],"curies":[{"name":"wp","href":"https:\/\/api.w.org\/{rel}","templated":true}]}}